is divided by (-1 - -2)*(2 - -106)/3?
33
Let f(v) = -v**2 + 4*v + 6. Let o be f(5). Let n = 1 + o. Calculate the remainder when 4 is divided by n.
0
Let q(o) = -10*o**3 + 1. Calculate the remainder when q(-3) is divided by 39.
37
Let b(j) = j**3 + 5*j**2 + 4*j + 5. Suppose 5 = r + 1. Suppose -r*g + z + 72 = 0, -g + 2*z + z = -29. Calculate the remainder when g is divided by b(-4).
2
Let p = 17 + 7. Calculate the remainder when p is divided by 13.
11
Suppose u + 22 = 2*w - 0*u, 5*w = -2*u + 46. Let m = 48 - 44. What is the remainder when w is divided by m?
2
Let w(h) = 2*h - 20. What is the remainder when 3 is divided by w(11)?
1
Let q = -3 - -2. Calculate the remainder when ((-52)/(-2))/(1 - q) is divided by 8.
5
Let i = 19 - -1. Suppose 5*w = 3*w + i. Calculate the remainder when 37 is divided by w.
7
Let c = 2 + 4. Suppose 0 = -j - 0*b - 2*b + 17, 3*j + 5*b - 54 = 0. Calculate the remainder when j is divided by c.
5
Let m(j) = 5*j**2 + 3*j - 3. Let q be m(-3). What is the remainder when 21 is divided by q*((-20)/(-6) - 3)?
10
Let q be (1 + 2 - 6) + 36. Suppose -5*k = 4*p - q - 29, p + 2 = 0. Calculate the remainder when k is divided by 5.
4
Let p = -30 + 205. Suppose 0 = -0*w - 5*w + p. What is the remainder when w is divided by 12?
11
Let l = -24 - -99. Suppose -3*q - l - 17 = -z, q = 5*z - 460. Suppose 0*t = -4*t + 3*u + z, 4*u = 5*t - 115. Calculate the remainder when t is divided by 12.
11
Suppose 0 = -4*y - 0*y + 168. Suppose 5*m = 70 + 40. What is the remainder when y is divided by m?
20
Suppose h - 4 = 0, 0 = 3*d + 4*h - 37 - 12. Calculate the remainder when 43 is divided by d.
10
Let r(y) = -2*y**3 - y - 2. Let w be r(-2). Suppose n - w = -n. Calculate the remainder when 15 is divided by n.
7
Suppose -8*b - 232 = -12*b. What is the remainder when b is divided by 12?
10
Let a(v) = v - 2. Let m be a(2). Let h = m + 5. Suppose l + 0*l - 13 = 2*b, -h*l + 3*b = -58. Calculate the remainder when 31 is divided by l.
9
Suppose 4*r - 3*r = -u + 53, 165 = 3*u + r. Suppose 2*f - u = -4*t, -2*t = f + t - 27. What is the remainder when f is divided by 8?
6
Calculate the remainder when 19 is divided by (-4)/16 + (-82)/(-8).
9
Suppose 3*y - 7*y = -40. Calculate the remainder when y is divided by ((-6)/(-10))/(4/20).
1
Let j = 42 + -20. Let i(p) = -3*p - 2. Let o be i(-5). Let c(u) = -u + 19. What is the remainder when j is divided by c(o)?
4
Calculate the remainder when 33 is divided by (-14)/(-21) - (-1 - (-44)/(-6)).
6
Suppose -216 - 855 = -17*n. What is the remainder when n is divided by 22?
19
Suppose 0 = -3*z - x + 1, -2*z + z - 8 = 2*x. Suppose 3*y - 9 = -z*a + 2*y, -y + 2 = a. Calculate the remainder when 11 is divided by a.
4
Let g = -33 - -62. Suppose r + 1 - g = 0. What is the remainder when r is divided by 15?
13
Suppose 11*x = 8*x + 33. Calculate the remainder when 32 is divided by x.
10
Calculate the remainder when (-3*1)/(4/(-112)) is divided by 29.
26
Suppose 5*c = 33 + 57. Calculate the remainder when 71 is divided by c.
17
Suppose -z + 40 = 10. Suppose -2*m = 3*m - z. Let c(u) = u + 2. Calculate the remainder when 14 is divided by c(m).
6
Let v(t) = 20*t**3 + t**2 - 2*t + 2. What is the remainder when 61 is divided by v(1)?
19
Suppose 12 = 5*b - 2*y - 6, 3 = b - y. Suppose -n = -20 + b. Let k = -32 + 78. What is the remainder when k is divided by n?
14
Suppose 4*w - 3*w = 6. What is the remainder when 8 is divided by w?
2
Let x(b) = b + 4. Let h(z) = -2*z + 12. Calculate the remainder when h(0) is divided by x(4).
4
Let o(b) = -b**3 - 4*b**2 + 3*b - 1. Suppose 0 = 5*q + 35 - 10. What is the remainder when 34 is divided by o(q)?
7
Let v be ((-6)/(-5))/((-6)/200). Let u = 56 + v. Suppose l + 0*r - 4*r = 1, -5*r + 37 = 3*l. Calculate the remainder when u is divided by l.
7
Suppose -5*f + u + 220 = 5*u, -4*u + 44 = f. Calculate the remainder when 124 is divided by f.
36
Suppose 4*h - 14 = 58. What is the remainder when 34 is divided by h?
16
Suppose 24 = 3*m + k + 2*k, -2*m - 5*k = -4. What is the remainder when (-234)/(-8) + (-3)/m is divided by 10?
9
Let k = 35 - 25. Let a(v) = -v**3 + 9*v**2 + 13*v - 6. Calculate the remainder when a(k) is divided by 13.
11
Let y = -54 + 58. Calculate the remainder when 13 is divided by y.
1
Suppose 0 = -3*a + a + 32. Let f = a + -5. Calculate the remainder when f is divided by 4.
3
Suppose -3*j = -4*p - 8, 0*p + 3*p - 15 = -3*j. Suppose 0*z = j*z - 208. What is the remainder when z is divided by (-35)/(-2) + (-1)/(-2)?
16
Suppose 2*u = 2*o - 30, -2*o + 4*u + 36 = -0*u. Let k = -25 + 48. Calculate the remainder when k is divided by o.
11
Suppose 18 = -2*c + 3*c - 5*q, 24 = 2*c + 2*q. Let b be 1*(2 - (1 - 3)). Let i = b + 1. Calculate the remainder when c is divided by i.
3
Let o = 128 - 76. Calculate the remainder when o is divided by 10.
2
Let q(u) = 7*u - 1 + u**2 + 0 + u**2. Calculate the remainder when (4/(-6))/((-8)/492) is divided by q(-5).
13
Let d = 3 - -32. Suppose -4*w = w - d. Calculate the remainder when 26 is divided by w.
5
Suppose -7*y = -y. Suppose -4*u + 3*u + 32 = y. What is the remainder when 126 is divided by u?
30
Suppose -d = 2*d - 15. Suppose -w + 7 = -2*r, -2*r + 5*r + 15 = 0. What is the remainder when (-2)/3 - 26/w is divided by d?
3
Let l = -50 + 78. Calculate the remainder when 111 is divided by l.
27
Let g be 5/(-5) - (-1 + 2). Let t(u) = u**3 + 4*u**2 + 3*u + 1. Calculate the remainder when t(g) is divided by 2.
1
Suppose -3*r + 7 = -2. Suppose 4*a + 0 - 4 = 0. Suppose a - 11 = -5*u. Calculate the remainder when r is divided by u.
1
Let i(t) = t**2 - 2*t + 4. Let x = 63 - 42. Suppose 0 = 5*b - 2*b - x. Calculate the remainder when i(-3) is divided by b.
5
Let n be -1 - (0 + (1 - 2)). Let d(x) = -x**3 - x**2 - x + 34. Suppose -2*z + 60 = 24. Calculate the remainder when d(n) is divided by z.
16
Suppose 0 = 4*f - 7 - 13. Let b be (-4)/(-6) - 4/(-3). Suppose b*a = -2*a + 2*z + 4, -3*z + 15 = a. Calculate the remainder when f is divided by a.
2
Let t(p) = 6*p**2 - p + 7*p**3 - p - 8*p**3. Let a(l) = 30*l**2 + 2*l + 1. What is the remainder when a(-1) is divided by t(5)?
14
Let u(q) = q**3 - 4*q**2 + 1. Calculate the remainder when u(5) is divided by 14.
12
Suppose 84 = 3*p - 36. Suppose -u = -6*u + p. Calculate the remainder when 15 is divided by u.
7
Suppose l + 0*l = -3*r + 43, 0 = r - 4*l - 36. Let u be ((-4)/(-5))/(2/(-15)). What is the remainder when ((-2)/u)/(3/423) is divided by r?
15
Suppose -2*n = -0*n - 158. What is the remainder when n is divided by 27?
25
Let w = 2 + 2. Suppose -u = -w*n + 1, -3*u - 5*n = 2*u - 70. Calculate the remainder when 32 is divided by u.
10
Suppose 3*d - d - 42 = 0. Calculate the remainder when d is divided by 8.
5
Suppose 31 + 71 = -3*m. Let p = 56 + m. Calculate the remainder when 43 is divided by p.
21
Let i = -6 + 40. Suppose 5*o + 5*x - 2*x - 25 = 0, 5*o - 20 = -2*x. Suppose -4*v = k - 0*k - 28, -o*v = -8. Calculate the remainder when i is divided by k.
10
Let m(c) = -c**3 - 7*c**2 - 8*c - 1. Suppose 3*o + 18 = 3*t, 2*t + 14 = -3*o - 4. Suppose 0 = 4*z - 14 - 2. What is the remainder when m(o) is divided by z?
3
Let n(k) = -39*k - 1. Suppose 4*s - 28 = 4*r, 4*s - 8 = 12. Let l be n(r). Let b = -55 + l. What is the remainder when b is divided by 8?
6
Let r(u) = 2*u**3 - 7*u**2 - 2*u - 3. Let a(d) = -d**3 + 3*d**2 + d + 2. Let f(w) = -5*a(w) - 3*r(w). Calculate the remainder when f(4) is divided by 18.
17
Suppose -102 = 7*l - 9*l. Calculate the remainder when l is divided by 9.
6
Suppose -4*u - 5*n = -83, -4*n + 0 = 4*u - 84. Suppose 2*p + 12 = 4*i, i + 4*p = -0*i - 6. Suppose i*d = 6*d - 32. What is the remainder when u is divided by d?
6
Let l(w) = -w**2 + 2*w + 11. Calculate the remainder when 52 is divided by l(0).
8
Let d be 12/(-20) + (-3)/(-5). Suppose d = z + 5 - 21. What is the remainder when 46 is divided by z?
14
Let t(x) = -x**3 - 3*x**2 + x - 3. Let q be t(-5). Suppose 24 = k - 4*o, 3*k - 6*k + q = 3*o. What is the remainder when k is divided by 6?
4
Let y be (-1 + 2 + 0)*1. Let m(g) = 12*g + 1. What is the remainder when 38 is divided by m(y)?
12
Let r = 5 + 4. Calculate the remainder when r*1 - (-2)/(-1) is divided by 3.
1
Let y = 6 - -20. Let q(x) = 6*x - 1. Let u be q(1). Suppose 0*f + 70 = 5*f - 4*a, -70 = -u*f